
{"id":7,"date":"2021-08-19T18:31:33","date_gmt":"2021-08-19T16:31:33","guid":{"rendered":"https:\/\/nsi-batiment.fr\/index.php\/one-page-express\/"},"modified":"2024-02-08T17:55:49","modified_gmt":"2024-02-08T16:55:49","slug":"one-page-express","status":"publish","type":"page","link":"https:\/\/nsi-batiment.fr\/","title":{"rendered":"Accueil"},"content":{"rendered":"<div  id=\"overlapable-3\" class=\"features-image-cards-section stripped-features-image-cards-section content-relative\" data-label=\"Overlapable\" data-id=\"stripped-features-image-cards-section\" data-category=\"overlapable\" data-=\"\" data-overlap=\"true\" data-ovid=\"ovid-overlapable-3-1484\" style=\"background-image: none; background-color: rgba(255, 255, 255, 0);\">\n<div  class=\"section-separator-bottom gridContainer\">\n    <svg  class=\"section-separator-bottom\" data-separator-name=\"triangle-asymmetrical-negative\" preserveAspectRatio=\"none\" viewBox=\"0 0 1000 100\" xmlns=\"http:\/\/www.w3.org\/2000\/svg\">\n        <path  class=\"svg-white-bg\" d=\"M737.9,94.7L0,0v100h1000V0L737.9,94.7z\"><\/path>\n    <\/svg><\/div>\n<div  class=\"gridContainer\">\n<div  class=\"features-image-cards-innerrow flexbox-list\" data-type=\"row\">\n<div  class=\"features-image-cards-cardcol cp4cols cp6cols-tablet\">\n<div  class=\"features-image-cards-cardrow\"><img  decoding=\"async\" class=\"features-image-cards-featimg\" src=\"https:\/\/nsi-batiment.fr\/wp-content\/uploads\/2021\/08\/paint-brush-1034901_1920-e1630013582142.jpg\" alt=\"\">\n<div  class=\"features-image-cards-cardtextrow\" data-type=\"column\">\n<div  class=\"spacer\" data-type=\"group\"><\/div>\n<div  class=\"spacer\" data-type=\"group\"><span  class=\"fa before\"><\/span><i  class=\"fa fa-paint-brush color1\"><\/i><span  class=\"fa after\"><\/span><\/div>\n<h4  class=\"\" style=\"text-align: center;\"><span  style=\"font-weight: 900;\">Interieur<\/span><\/h4>\n\n<hr  class=\"features-image-cards-separator\">\n\n<a class=\"button force-shadow color1\" href=\"https:\/\/nsi-batiment.fr\/index.php\/nos-services\/peinture\" target=\"_self\" data-icon=\"\" rel=\"noopener\">En savoir +<\/a>\n\n<\/div>\n<\/div>\n<\/div>\n<div  class=\"features-image-cards-cardcol cp4cols cp6cols-tablet color6\">\n<div  class=\"features-image-cards-cardrow\"><img  decoding=\"async\" class=\"features-image-cards-featimg\" src=\"https:\/\/nsi-batiment.fr\/wp-content\/uploads\/2021\/09\/ravelement-de-facade-accueil.jpg\" alt=\"\">\n<div  class=\"features-image-cards-cardtextrow\" data-type=\"column\">\n<div  class=\"spacer\" data-type=\"group\"><\/div>\n<div  class=\"spacer\" data-type=\"group\"><span  class=\"fa before\"><\/span><i  class=\"fa fa-bank color1\"><\/i><span  class=\"fa after\"><\/span><\/div>\n<h4  class=\"\" style=\"text-align: center;\"><span  style=\"font-weight: 900;\">Renovation<\/span><\/h4>\n\n<hr  class=\"features-image-cards-separator\">\n\n<a class=\"button force-shadow color1\" href=\"https:\/\/nsi-batiment.fr\/index.php\/nos-services\/ravelement-de-facade\" target=\"_self\" data-icon=\"\" rel=\"noopener\">En savoir +<\/a>\n\n<\/div>\n<\/div>\n<\/div>\n<div  class=\"features-image-cards-cardcol cp4cols cp6cols-tablet\">\n<div  class=\"features-image-cards-cardrow\"><img  decoding=\"async\" class=\"features-image-cards-featimg\" src=\"https:\/\/nsi-batiment.fr\/wp-content\/uploads\/2021\/08\/bernard-hermant-IvIWcaRAxsE-unsplash-scaled.jpg\" alt=\"\">\n<div  class=\"features-image-cards-cardtextrow\" data-type=\"column\">\n<div  class=\"spacer\" data-type=\"group\"><\/div>\n<div  class=\"spacer\" data-type=\"group\"><span  class=\"fa before\"><\/span><i  class=\"fa fa-cubes color1\"><\/i><span  class=\"fa after\"><\/span><\/div>\n<h4  class=\"\" style=\"text-align: center;\">Exterieur<\/h4>\n\n<hr  class=\"features-image-cards-separator\">\n\n<a class=\"button force-shadow color1\" href=\"https:\/\/nsi-batiment.fr\/index.php\/nos-services\/maconnerie\" target=\"_self\" data-icon=\"\" rel=\"noopener\">En savoir +<\/a>\n\n<\/div>\n<\/div>\n<\/div>\n\n<div  class=\"features-image-cards-cardcol cp4cols cp6cols-tablet\">\n<div  class=\"features-image-cards-cardrow\"><img  decoding=\"async\" class=\"features-image-cards-featimg\" src=\"https:\/\/nsi-batiment.fr\/wp-content\/uploads\/2021\/09\/informations-pratiques-accueil.png\" alt=\"\">\n<div  class=\"features-image-cards-cardtextrow\" data-type=\"column\">\n<div  class=\"spacer\" data-type=\"group\"><\/div>\n<div  class=\"spacer\" data-type=\"group\"><span  class=\"fa before\"><\/span><i  class=\"fa fa-address-book color1\"><\/i><span  class=\"fa after\"><\/span><\/div>\n<h4  class=\"\" style=\"text-align: center;\"><span  style=\"font-weight: 900;\">Informations Pratiques<\/span><\/h4>\n\n<hr  class=\"features-image-cards-separator\">\n\n<a class=\"button force-shadow color1\" href=\"https:\/\/nsi-batiment.fr\/index.php\/nous-contacter\" target=\"_self\" data-icon=\"\" rel=\"noopener\">En savoir +<\/a>\n\n<\/div>\n<\/div>\n<\/div><\/div>\n<\/div>\n<\/div><div  data-label=\"Content\" data-id=\"content-image-right\" data-category=\"content\" class=\"content-right-image-section content-image-right\" id=\"content-4\" style=\"background-color: rgb(246, 246, 246);\"> <div  class=\"\"> <div  class=\"content-right-image-gridcol\"> <div  class=\"content-right-image-textcol dynamic-color\" data-type=\"column\"> <h2  class=\"\"><span  style=\"font-weight: 700;\">N.S.I BATIMENT est membre de la Federation Fran\u00e7aise du Batiment<\/span><\/h2>  <a class=\"button color1\" href=\"https:\/\/www.ffbatiment.fr\" target=\"_self\" data-icon=\"\" rel=\"noopener\"> En savoir + <\/a> <\/div> <div  class=\"content-right-image-imgcol\" data-type=\"column\"> <img  decoding=\"async\" src=\"https:\/\/nsi-batiment.fr\/wp-content\/uploads\/2022\/02\/IMAGE_20171219_35139987.jpg\" class=\"\" alt=\"\"> <\/div> <\/div> <\/div> <\/div><div  data-label=\"About\" data-id=\"about-big-images-section\" data-category=\"about\" class=\"about-big-images-section\" id=\"about-1\" style=\"background-color: rgb(246, 246, 246);\"> <div  class=\"\"> <div  class=\"about-big-images-textrow\"> <div  class=\"about-big-images-textcol dynamic-color\" data-type=\"column\">  <h3  class=\"\"><span  style=\"font-weight: 700;\">Plus de 30 ann\u00e9es&nbsp;d\u2019exp\u00e9rience dans les domaines du ravalement de fa\u00e7ade, peinture et ma\u00e7onnerie<\/span><\/h3>  <a class=\"button big color1\" href=\"https:\/\/nsi-batiment.fr\/index.php\/nous-contacter\" target=\"_self\" data-icon=\"\" rel=\"noopener\">Nous contacter<\/a> <\/div> <\/div> <\/div> <div  class=\"about-big-images-bottomrow\"> <div  class=\"about-big-images-leftimgcol\"><img  decoding=\"async\" class=\"about-big-images-leftimg\" src=\"https:\/\/nsi-batiment.fr\/wp-content\/uploads\/2021\/09\/Grayscale-on-Transparent.png\" alt=\"\"> <\/div> <div  class=\"about-big-images-centerimgcol\"><img  decoding=\"async\" class=\"about-big-images-centerimg\" src=\"https:\/\/nsi-batiment.fr\/wp-content\/uploads\/2021\/08\/cropped-cropped-Original-on-Transparent-1.png\" alt=\"\"> <\/div> <div  class=\"about-big-images-rightimgcol\"><img  decoding=\"async\" class=\"about-big-images-rightimg\" src=\"https:\/\/nsi-batiment.fr\/wp-content\/uploads\/2021\/09\/Black-on-Transparent.png\" alt=\"\"> <\/div> <\/div> <\/div><div  data-label=\"Content\" data-id=\"content-full-right-image-section-1\" data-category=\"content\" class=\"content-full-right-image-section content-full-right-image-section-1 dark-text-section\" id=\"content-1\" style=\"background-color: rgba(255, 255, 255, 0.73); background-image: none;\" data-ovid=\"ovid-content-1-115\"> <div  class=\"content-full-right-image-innerrow gridContainer\"> <div  class=\"content-full-right-image-textcol dynamic-color\"> <div  data-type=\"column\" class=\"\">  <h2  class=\"\"><span  style=\"font-weight: 700;\">Experts en Ravalement de fa\u00e7ade<\/span><\/h2> <p  class=\"\"><span  style=\"font-weight: 600;\">&nbsp;Notre \u00e9quipe sp\u00e9cialis\u00e9e dans le domaine de ravalement de fa\u00e7ade, pourra mettre tout en oeuvre pour effectuer un diagnostic adapt\u00e9 en fonction de l\u2019habitation, nettoyer l\u2019apparence de votre maison ou b\u00e2timent, pour qu\u2019elle puisse retrouver un aspect neuf et sain, combler les trous, r\u00e9nover pour une mise en conformit\u00e9.<\/span><span  id=\"_mce_caret\" data-mce-bogus=\"1\" data-mce-type=\"format-caret\"><span  style=\"font-weight: 600;\">\ufeff\n<br >\n<br ><br >Si vous souhaitez obtenir un devis gratuit, vous pouvez nous faire parvenir une demande via notre formulaire de contact en ligne. Une r\u00e9ponse sous 24\/48h vous sera fournie.<\/span><\/span><\/p> <a class=\"button color1\" href=\"https:\/\/nsi-batiment.fr\/index.php\/nos-services\/ravelement-de-facade\" target=\"_self\" data-icon=\"\" rel=\"noopener\">D\u00e9couvrez Nos Services<\/a><\/div> <div  class=\"content-full-right-image-featuresrow\"> <div  class=\"content-full-right-image-featurescol\" data-type=\"column\">     <\/div> <div  class=\"content-full-right-image-featurescol\" data-type=\"column\">     <a href=\"#\" class=\"\" target=\"_self\" rel=\"noopener\"><\/a><\/div> <\/div> <\/div> <div  data-bg=\"image\" class=\"content-full-right-image-imgcol\" style=\"background-image: url(&quot;https:\/\/nsi-batiment.fr\/wp-content\/uploads\/2021\/08\/pexels-chait-goli-2031752-1-scaled.jpg&quot;);\"><\/div> <\/div><\/div><div  data-label=\"Content\" data-id=\"content-full-left-image-section\" data-category=\"content\" class=\"content-full-left-image-section\" id=\"content-2\" style=\"background-size: cover; background-image: none; background-color: rgba(255, 255, 255, 0); background-position: center top;\" data-ovid=\"ovid-content-2-151\"> <div  class=\"content-full-left-image-innerrow gridContainer\"> <div  data-bg=\"image\" class=\"content-full-left-image-imgcol\" style=\"background-image: url(&quot;https:\/\/nsi-batiment.fr\/wp-content\/uploads\/2021\/08\/painting-3414650_1920.jpg&quot;);\"><\/div> <div  class=\"content-full-left-image-textcol dynamic-color\"> <div  data-type=\"column\" class=\"\">  <h2  class=\"\"><span  style=\"font-weight: 700;\">Experts en Peinture<\/span><span  id=\"_mce_caret\" data-mce-bogus=\"1\" data-mce-type=\"format-caret\"><span  style=\"font-weight: 700;\">\ufeff<\/span><\/span><\/h2> <p  class=\"\"><span  style=\"font-weight: 600;\">Notre entreprise \u00e0 taille humaine vous propose tout au long de l\u2019ann\u00e9e des services sp\u00e9cialis\u00e9s dans la peinture interieur et exterieur \u00e0 Paris et dans toute l\u2019\u00eele de France.\n<br >\n<br ><br >Si vous souhaitez obtenir un devis gratuit, vous pouvez nous faire parvenir une demande via notre formulaire de contact en ligne. Une r\u00e9ponse sous 24\/48h vous sera fournie.<\/span><\/p> <a class=\"button color1\" href=\"https:\/\/nsi-batiment.fr\/index.php\/nos-services\/peinture\" target=\"_self\" data-icon=\"\" rel=\"noopener\">D\u00e9couvrez Nos Services<\/a><\/div> <div  class=\"content-full-left-image-featuresrow\"> <div  class=\"content-full-left-image-featurescol\" data-type=\"column\">     <\/div> <div  class=\"content-full-left-image-featurescol\" data-type=\"column\">     <a href=\"#\" class=\"\" target=\"_self\" rel=\"noopener\"><\/a><\/div> <\/div> <\/div> <\/div><\/div><div  data-label=\"Content\" data-id=\"content-full-right-image-section\" data-category=\"content\" class=\"content-full-right-image-section\" id=\"content-3\" style=\"background-color: rgba(255, 255, 255, 0.7); background-image: none;\" data-ovid=\"ovid-content-3-1272\"> <div  class=\"content-full-right-image-innerrow gridContainer\"> <div  class=\"content-full-right-image-textcol dynamic-color\"> <div  data-type=\"column\" class=\"\">  <h2  class=\"\"><span  style=\"font-weight: 700;\">Experts en Ma\u00e7onnerie<\/span><\/h2> <p  class=\"\"><span  style=\"font-weight: 600;\">Notre \u00e9quipe professionnelle et exp\u00e9riment\u00e9e d\u00e9tient les outils adapt\u00e9s, les comp\u00e9tences techniques et un savoir-faire pour r\u00e9pondre au mieux aux besoins exig\u00e9s<\/span><span  id=\"_mce_caret\" data-mce-bogus=\"1\" data-mce-type=\"format-caret\"><span  style=\"font-weight: 600;\">\ufeff\n<br >\n<br ><br >Si vous souhaitez obtenir un devis gratuit, vous pouvez nous faire parvenir une demande via notre formulaire de contact en ligne. Une r\u00e9ponse sous 24\/48h vous sera fournie.<\/span><\/span><\/p> <a class=\"button color1\" href=\"https:\/\/nsi-batiment.fr\/index.php\/nos-services\/maconnerie\" target=\"_self\" data-icon=\"\" rel=\"noopener\">D\u00e9couvrez Nos Services<\/a><\/div> <div  class=\"content-full-right-image-featuresrow\"> <div  class=\"content-full-right-image-featurescol\" data-type=\"column\">     <\/div> <div  class=\"content-full-right-image-featurescol\" data-type=\"column\">     <\/div> <\/div> <\/div> <div  data-bg=\"image\" class=\"content-full-right-image-imgcol\" style=\"background-image: url(&quot;https:\/\/nsi-batiment.fr\/wp-content\/uploads\/2021\/09\/factory-2529579_1920.jpg&quot;);\"><\/div> <\/div><\/div><div  data-label=\"About us\" data-id=\"about-image-section-pro\" data-category=\"about\" class=\"about-image-section-pro\" id=\"about-us-2\" style=\"background-size: cover; background-image: url(&quot;https:\/\/nsi-batiment.fr\/wp-content\/themes\/one-page-express-pro\/assets\/images\/default-row-bg.jpg&quot;); background-color: rgb(255, 255, 255); background-position: center top;\" data-ovid=\"ovid-about-us-2-397\"> <div  class=\"gridContainer\"> <div  class=\"row about-image-gridcol-pro\"> <div  class=\"about-image-textcol-pro\" data-type=\"column\"> <h2  class=\"\"><span  style=\"font-weight: 700;\">Nous vous accompagnons pour financer vos travaux<\/span><\/h2> <p  class=\"\"><span  style=\"font-weight: 600;\">Pour vous aider dans ces d\u00e9marches loin d\u2019\u00eatre ais\u00e9es et bon march\u00e9 que sont les travaux de r\u00e9novation tout corps d\u2019\u00e9tat, nous vous proposons une aide \u00e0 notre \u00e9chelle. \n<\/span><br ><span  style=\"font-weight: 600;\">\n<br ><br >En effet, nous vous permettons de nous payer en plusieurs fois sans frais ou de vous aider dans vos d\u00e9marche de financement. Cela pourra vous \u00eatre d\u2019une aide pr\u00e9cieuse si vous d\u00e9sirez payer vos travaux mensuellement. \n<\/span><br ><br ><span  style=\"font-weight: 600;\">La charge sera moins importante et cela vous permettra de tout de m\u00eame r\u00e9aliser ces travaux qui vous tiennent tant \u00e0 c\u0153ur. D\u00e9couvrez sans plus attendre nos financements !<\/span><\/p> <a class=\"button color1\" href=\"https:\/\/nsi-batiment.fr\/index.php\/nous-contacter\" target=\"_self\" data-icon=\"\" rel=\"noopener\">En savoir +<\/a><\/div> <div  data-type=\"column\" class=\"\"> <img  decoding=\"async\" class=\"about-image-img-pro\" src=\"https:\/\/nsi-batiment.fr\/wp-content\/uploads\/2021\/09\/calculator-385506_1920.jpg\" alt=\"\"> <\/div> <\/div> <\/div> <\/div><div  data-label=\"Testimonials\" data-id=\"testimonials-boxed-section\" data-category=\"testimonials\" class=\"testimonials-boxed-section content-relative white-text-section\" id=\"testimonials-1\" style=\"background-color: rgba(255, 255, 255, 0); background-image: none;\" data-ovid=\"ovid-testimonials-1-136\"> <div  class=\"gridContainer\"> <div  class=\"testimonials-boxed-textcol dynamic-color\" data-type=\"column\"> <h2  class=\"\"><span  style=\"font-weight: 900;\">Ce que pensent nos clients<\/span><\/h2>  <\/div> <div  class=\"testimonials-boxed-itemsrow dark-text\" data-type=\"row\">  <div  class=\"testimonials-boxed-itemcol cp4cols cp6cols-tablet color6\"> <div  class=\"testimonials-boxed-itemcard\" data-type=\"column\"> <h4  class=\"testimonials-boxed-itemtext\">\u201cEntreprise s\u00e9rieuse, personnel agr\u00e9able et efficace. Je suis vraiment satisfait de leur travail. Je les recommande.\u201d<\/h4> <h5  class=\"testimonials-boxed-itemname\">Jordan<\/h5>  <\/div> <\/div><div  class=\"testimonials-boxed-itemcol cp4cols cp6cols-tablet\"> <div  class=\"testimonials-boxed-itemcard\" data-type=\"column\"> <h4  class=\"testimonials-boxed-itemtext\">\u201cTr\u00e8s bonne exp\u00e9rience avec NSI Batiment. Entreprise familiale qui fait preuve d\u2019un grand professionnalisme. J\u2019ai obtenu un devis rapidement et les travaux de peinture ont pu \u00eatre r\u00e9alis\u00e9s dans la bonne humeur et sont \u00e0 la hauteur de mes esp\u00e9rances. Je suis tr\u00e8s satisfaite du r\u00e9sultat. Merci encore !\u201d<\/h4> <h5  class=\"testimonials-boxed-itemname\">Julie<\/h5>  <\/div> <\/div> <div  class=\"testimonials-boxed-itemcol cp4cols cp6cols-tablet\"> <div  class=\"testimonials-boxed-itemcard\" data-type=\"column\"> <h4  class=\"testimonials-boxed-itemtext\">\u201ctravail et mat\u00e9riaux de qualit\u00e9, respect des d\u00e9lais, tr\u00e8s bon rapport qualit\u00e9-prix, je recommande\u201d<\/h4> <h5  class=\"testimonials-boxed-itemname\">Nil<\/h5>  <\/div> <\/div> <\/div> <\/div><\/div>","protected":false},"excerpt":{"rendered":"<p>Interieur En savoir + Renovation En savoir + Exterieur En savoir + Informations Pratiques En savoir + N.S.I BATIMENT est membre de la Federation Fran\u00e7aise du Batiment En savoir + Plus de 30 ann\u00e9es&nbsp;d\u2019exp\u00e9rience dans les domaines du ravalement de fa\u00e7ade, peinture et ma\u00e7onnerie Nous contacter Experts en Ravalement de fa\u00e7ade &nbsp;Notre \u00e9quipe sp\u00e9cialis\u00e9e dans&hellip; <br \/> <a class=\"button small blue\" href=\"https:\/\/nsi-batiment.fr\/\">Lire la suite<\/a><\/p>\n","protected":false},"author":1,"featured_media":0,"parent":0,"menu_order":0,"comment_status":"closed","ping_status":"closed","template":"page-templates\/homepage.php","meta":{"footnotes":""},"class_list":["post-7","page","type-page","status-publish","hentry"],"_links":{"self":[{"href":"https:\/\/nsi-batiment.fr\/index.php\/wp-json\/wp\/v2\/pages\/7","targetHints":{"allow":["GET"]}}],"collection":[{"href":"https:\/\/nsi-batiment.fr\/index.php\/wp-json\/wp\/v2\/pages"}],"about":[{"href":"https:\/\/nsi-batiment.fr\/index.php\/wp-json\/wp\/v2\/types\/page"}],"author":[{"embeddable":true,"href":"https:\/\/nsi-batiment.fr\/index.php\/wp-json\/wp\/v2\/users\/1"}],"replies":[{"embeddable":true,"href":"https:\/\/nsi-batiment.fr\/index.php\/wp-json\/wp\/v2\/comments?post=7"}],"version-history":[{"count":86,"href":"https:\/\/nsi-batiment.fr\/index.php\/wp-json\/wp\/v2\/pages\/7\/revisions"}],"predecessor-version":[{"id":687,"href":"https:\/\/nsi-batiment.fr\/index.php\/wp-json\/wp\/v2\/pages\/7\/revisions\/687"}],"wp:attachment":[{"href":"https:\/\/nsi-batiment.fr\/index.php\/wp-json\/wp\/v2\/media?parent=7"}],"curies":[{"name":"wp","href":"https:\/\/api.w.org\/{rel}","templated":true}]}}